rime factors of 453171985?
5, 7, 12947771
What are the prime factors of 29545627?
19, 1555033
List the prime factors of 61365605.
5, 7, 59, 29717
What are the prime factors of 24382460?
2, 5, 1219123
What are the prime factors of 2858221156?
2, 7, 71, 205391
What are the prime factors of 313791027?
3, 11, 1237, 7687
List the prime factors of 170092191.
3, 17, 3335141
What are the prime factors of 114604739?
114604739
List the prime factors of 248116283.
248116283
List the prime factors of 110649302.
2, 3329, 16619
What are the prime factors of 71157538?
2, 23, 1546903
List the prime factors of 1979154935.
5, 293, 1350959
What are the prime factors of 3315074141?
27919, 118739
What are the prime factors of 2072684209?
2072684209
What are the prime factors of 2172438642?
2, 3, 11, 23, 1431119
What are the prime factors of 52845919?
7, 113, 66809
List the prime factors of 189895383.
3, 23, 863, 1063
List the prime factors of 124795060.
2, 5, 13, 449, 1069
What are the prime factors of 4637626103?
11, 353, 1194341
List the prime factors of 98836384.
2, 1013, 3049
List the prime factors of 742201022.
2, 13049, 28439
List the prime factors of 60237670.
2, 5, 6023767
List the prime factors of 91224824.
2, 11403103
List the prime factors of 46902245.
5, 13, 71, 10163
What are the prime factors of 1245988183?
11, 53, 97, 2003
What are the prime factors of 138917331?
3, 7, 67, 32911
List the prime factors of 356894643.
3, 7, 491, 34613
What are the prime factors of 420208768?
2, 7, 468983
List the prime factors of 1513859109.
3, 7, 72088529
List the prime factors of 1037290986.
2, 3, 307, 187711
List the prime factors of 4072364206.
2, 79, 631, 40847
What are the prime factors of 103866019?
59, 157, 11213
List the prime factors of 374025620.
2, 5, 1601, 11681
What are the prime factors of 182497699?
182497699
List the prime factors of 839895327.
3, 337, 276919
List the prime factors of 5738669.
449, 12781
What are the prime factors of 54716504?
2, 19, 29, 12413
What are the prime factors of 716415623?
7, 11, 29, 45833
List the prime factors of 364081801.
2039, 178559
What are the prime factors of 151959814?
2, 37, 103, 19937
List the prime factors of 50666607.
3, 1876541
List the prime factors of 81517979.
81517979
What are the prime factors of 139672495?
5, 27934499
List the prime factors of 219611253.
3, 17, 19, 226637
List the prime factors of 27552295.
5, 101, 54559
What are the prime factors of 145024403?
647, 224149
List the prime factors of 176237083.
11, 151, 106103
What are the prime factors of 2618451?
3, 11, 26449
List the prime factors of 206324782.
2, 103162391
List the prime factors of 725483376.
2, 3, 5038079
List the prime factors of 3889543.
7, 61, 9109
What are the prime factors of 25614042?
2, 3, 23, 313, 593
What are the prime factors of 2688445090?
2, 5, 19, 683, 20717
List the prime factors of 982110927.
3, 7, 17, 43, 63977
What are the prime factors of 129176460?
2, 3, 5, 7, 157, 653
List the prime factors of 1205688087.
3, 2377, 56359
List the prime factors of 1077486030.
2, 3, 5, 3990689
List the prime factors of 284861325.
3, 5, 7, 23, 31, 761
What are the prime factors of 442376730?
2, 3, 5, 29, 169493
List the prime factors of 41663658.
2, 3, 1493, 4651
List the prime factors of 42777086.
2, 11, 31, 62723
What are the prime factors of 955031664?
2, 3, 19896493
What are the prime factors of 1000640398?
2, 22283, 22453
What are the prime factors of 876899493?
3, 3271, 9929
What are the prime factors of 96096506?
2, 11, 397093
List the prime factors of 58931099.
1021, 57719
What are the prime factors of 100787980?
2, 5, 53, 95083
What are the prime factors of 85050541?
17, 149, 33577
List the prime factors of 43748663.
7, 6249809
What are the prime factors of 161258126?
2, 80629063
What are the prime factors of 14664559?
7, 13, 161149
What are the prime factors of 1654400861?
4297, 385013
What are the prime factors of 114809201?
13, 71, 173, 719
List the prime factors of 91670774.
2, 13, 47, 75017
What are the prime factors of 2603735145?
3, 5, 11, 709, 2473
List the prime factors of 74849358.
2, 3, 1523, 8191
What are the prime factors of 2264394539?
11, 103, 647, 3089
List the prime factors of 116002618.
2, 58001309
What are the prime factors of 4570557564?
2, 3, 12329, 30893
What are the prime factors of 87705321?
3, 11, 353, 7529
List the prime factors of 811572334.
2, 193, 2102519
List the prime factors of 1227942992.
2, 653, 117529
What are the prime factors of 2624852005?
5, 47, 347, 32189
List the prime factors of 6844868704.
2, 3989, 53623
What are the prime factors of 7949448?
2, 3, 13, 19, 149
List the prime factors of 96326946.
2, 3, 947, 5651
What are the prime factors of 30068513?
1381, 21773
What are the prime factors of 280870864?
2, 17554429
List the prime factors of 3502807.
7, 11, 45491
List the prime factors of 94484652.
2, 3, 31, 499, 509
What are the prime factors of 656173874?
2, 328086937
List the prime factors of 82644184.
2, 7, 210827
What are the prime factors of 473292304?
2, 29580769
What are the prime factors of 771352142?
2, 11, 53, 89, 7433
List the prime factors of 1196709456.
2, 3, 24931447
What are the prime factors of 1011333880?
2, 5, 41, 181, 3407
What are the prime factors of 4531259883?
3, 17, 88848233
List the prime factors of 3539495704.
2, 29, 15256447
What are the prime factors of 1449714491?
17, 85277323
What are the prime factors of 7843613?
17, 439, 1051
List the prime factors of 24190929.
3, 7, 383983
List the prime factors of 593435411.
8093, 73327
List the prime factors of 42060583.
23, 31, 58991
What are the prime factors of 136366219?
11, 12396929
List the prime factors of 321061226.
2, 2803, 57271
List the prime factors of 83401897.
43, 257, 7547
List the prime factors of 515269678.
2, 7, 11, 3345907
What are the prime factors of 381430179?
3, 13, 3260087
List the prime factors of 1063974961.
7, 433, 351031
List the prime factors of 82030412.
2, 43, 476921
What are the prime factors of 256200384?
2, 3, 11, 29, 47, 89
What are the prime factors of 208023541?
11, 18911231
What are the prime factors of 297699898?
2, 148849949
List the prime factors of 673018742.
2, 11, 31, 239, 4129
What are the prime factors of 83208592?
2, 71, 89, 823
What are the prime factors of 365892564?
2, 3, 17, 1793591
List the prime factors of 387864826.
2, 17, 11407789
List the prime factors of 729537574.
2, 364768787
List the prime factors of 218157914.
2, 13, 103, 81463
List the prime factors of 5074625934.
2, 3, 7, 40274809
List the prime factors of 125738556.
2, 3, 379, 27647
What are the prime factors of 3948824442?
2, 3, 239, 787, 3499
What are the prime factors of 2699205128?
2, 337400641
List the prime factors of 1762752211.
11, 29, 5525869
List the prime factors of 371785643.
1559, 238477
List the prime factors of 1550242197.
3, 7, 293, 83983
What are the prime factors of 58257548?
2, 307, 47441
List the prime factors of 4150863669.
3, 4889, 283007
What are the prime factors of 4590085979?
4590085979
List the prime factors of 1231636214.
2, 827, 744641
What are the prime factors of 157874?
2, 193, 409
List the prime factors of 192089116.
2, 6397, 7507
List the prime factors of 1497933780.
2, 3, 5, 7, 19, 187711
List the prime factors of 1960989125.
5, 83, 189011
List the prime factors of 1184050.
2, 5, 7, 17, 199
What are the prime factors of 5181430?
2, 5, 17, 29, 1051
What are the prime factors of 2552171868?
2, 3, 131, 180391
List the prime factors of 32534297.
32534297
What are the prime factors of 476174119?
89, 5350271
What are the prime factors of 482462201?
13, 113, 328429
What are the prime factors of 83249929?
7, 619, 19213
What are the prime factors of 2774061017?
7, 13, 2339, 13033
What are the prime factors of 2308554012?
2, 3, 192379501
List the prime factors of 1022602183.
28813, 35491
What are the prime factors of 93932374?
2, 46966187
List the prime factors of 121220844.
2, 3, 10101737
List the prime factors of 61277662.
2, 269, 113899
What are the prime factors of 3068311?
3068311
What are the prime factors of 685496026?
2, 29, 607, 19471
List the prime factors of 29414530.
2, 5, 2941453
What are the prime factors of 836875383?
3, 278958461
List the prime factors of 1666